x + 18. Calculate r(0).
18
Let a(r) = -r**2 + 1. Give a(4).
-15
Let f(y) = -9*y**2 + 2*y + 4. Calculate f(1).
-3
Let d(i) = -5*i + 43. Give d(7).
8
Let v(l) = -l**3 + 6*l**2 + 9*l - 9. What is v(7)?
5
Let t(r) = r**2 - 15*r + 11. Calculate t(10).
-39
Let x(j) = -j**2 - 4*j + 24. Give x(-8).
-8
Let k(f) = -19*f + 33. Give k(7).
-100
Let w(x) = -x**3 - 20*x**2 - 2*x - 31. Give w(-20).
9
Let p(x) = -72*x - 345. Give p(-5).
15
Let o(x) = x**3 + 22*x**2 + 37*x - 49. Calculate o(-20).
11
Let d(y) = y**3 - 13*y**2 + 15*y - 23. Give d(12).
13
Let f(g) = 3*g - 10. Give f(8).
14
Let w(o) = -3*o**2 + 44*o - 147. Calculate w(5).
-2
Let n(b) = -b**2 + 13*b. Calculate n(13).
0
Let u(f) = -f**2 - f + 2. Give u(4).
-18
Let k(i) = -i**3 - 28*i**2 - 17*i + 273. What is k(-27)?
3
Let u(h) = -h**3 - 12*h**2 - 19*h - 19. What is u(-10)?
-29
Let k(f) = -f**2 - 17*f - 28. Give k(-15).
2
Let c(n) = -5*n. Calculate c(-3).
15
Let k(t) = t**3 + 12*t**2 + 16. Calculate k(-12).
16
Let x(z) = -z**3 - 5*z**2 + 6*z - 1. Determine x(-6).
-1
Let w(n) = n**3 + 5*n**2 + 5*n + 8. What is w(-4)?
4
Let j(u) = -20*u**2 - 12*u - 12. Give j(-1).
-20
Let k(w) = w**2 - 10*w - 13. Calculate k(13).
26
Let m(b) = 2*b**2 + 13*b + 4. Calculate m(-6).
-2
Let j(r) = -r**3 + 4*r**2 - 2*r + 1. Give j(3).
4
Let h(p) = -3*p**3 - 4*p**2 - 4*p + 6. Give h(3).
-123
Let a(f) = -f**2 + 15*f + 8. Determine a(11).
52
Let o(j) = -j**2 + 11*j - 2. Give o(11).
-2
Let x(q) = q**3 + 9*q**2 - 2*q - 10. Determine x(-9).
8
Let k(r) = -r - 4. Calculate k(-3).
-1
Let d(f) = f**2 - 7*f + 7. What is d(5)?
-3
Let s(b) = -b**2 - 3*b + 2. Determine s(-14).
-152
Let t(c) = c - 15. What is t(8)?
-7
Let g(l) = -4*l**2 + 28*l - 7. Calculate g(7).
-7
Let g(p) = p - 1. Give g(-1).
-2
Let d(c) = c**2 - 8*c + 7. What is d(-5)?
72
Let z(s) = -s**3 + 54*s**2 + 54*s + 48. Determine z(55).
-7
Let k(a) = -48*a**2 + a. Give k(1).
-47
Let b(u) = -2*u**3 + 6*u**2 - 3*u - 1. Calculate b(4).
-45
Let l(u) = -u**2 + 20*u - 26. Determine l(19).
-7
Let h(g) = 18*g - 84. Calculate h(5).
6
Let t(x) = x**3 - 6*x**2 - 5. What is t(6)?
-5
Let v(f) = -f**2 - 28. Determine v(0).
-28
Let l(x) = x**2 - 5*x + 2. Give l(4).
-2
Let d(s) = -10*s + 30. Determine d(-1).
40
Let y(h) = -50*h**3 - h**2 + h + 1. What is y(-1)?
49
Let p(a) = a + 16. What is p(-11)?
5
Let b(n) = -n**3 - 3*n**2 + 3*n - 4. Give b(-4).
0
Let m(o) = -o**2 - 15*o - 22. Determine m(-9).
32
Let c(u) = 3*u**2 + 30*u. Give c(-13).
117
Let d(y) = -y**2 + 27*y - 137. Determine d(20).
3
Let c(y) = -y**2 - 9*y - 17. Give c(-5).
3
Let k(f) = -4*f - 8. Give k(-6).
16
Let z(o) = o**3 + 9*o**2 + 9*o + 11. Determine z(-8).
3
Let u(a) = -a**3 - 11*a**2 - 15*a - 21. What is u(-9)?
-48
Let k(g) = -3*g**2 - g + 5. Calculate k(-3).
-19
Let o(h) = h + 13. Calculate o(-10).
3
Let v(a) = -5*a**2 - 4*a + 1. What is v(-3)?
-32
Let n(g) = g**2 - 6*g + 36. Calculate n(8).
52
Let q(d) = d**3 - 19*d**2 + 19*d - 18. What is q(18)?
0
Let a(h) = -11*h - 286. What is a(-26)?
0
Let w(i) = -i**2 - 4*i - 6. Calculate w(-9).
-51
Let m(y) = y**2 - 8*y + 7. Calculate m(7).
0
Let f(b) = b - 45. Give f(1).
-44
Let g(h) = 8*h**2 - 6*h + 9. Determine g(2).
29
Let x(q) = -11*q + 17. Determine x(2).
-5
Let a(n) = n - 1. Determine a(-1).
-2
Let w(m) = m**3 + 4*m**2 - 6*m - 4. What is w(-5)?
1
Let d(r) = r**2 - 22. Calculate d(-5).
3
Let f(p) = 7*p + 107. Determine f(-15).
2
Let w(c) = c**3 - 2*c**2 - 8*c + 7. Give w(4).
7
Let j(a) = -2*a - 106. Determine j(-25).
-56
Let b(g) = -g**2 + 7. Calculate b(5).
-18
Let h(d) = 4*d - 2. What is h(-2)?
-10
Let c(u) = -u**3 - 6*u**2 + 4*u + 2. Calculate c(-5).
-43
Let h(l) = -l**2 + 3*l + 66. Determine h(11).
-22
Let t(z) = -z**2 - z - 11. What is t(-7)?
-53
Let g(r) = 11*r + 29. Give g(-9).
-70
Let g(y) = -2*y**2 - 5*y + 4. What is g(3)?
-29
Let h(y) = -y**3 + 11*y**2 - 17*y - 7. Give h(9).
2
Let o(r) = 4*r - 49. Determine o(0).
-49
Let w(t) = -t**3 + 8*t**2 - 2*t. What is w(8)?
-16
Let c(b) = b**3 + 9*b**2 - 10*b - 1. Determine c(-10).
-1
Let j(w) = 3*w - 20. What is j(2)?
-14
Let g(w) = w**2 + 22*w + 100. Determine g(-6).
4
Let y(w) = 3*w**2 - 83*w + 42. Calculate y(27).
-12
Let r(f) = -f**3 - 7*f**2 + 3*f - 12. What is r(-7)?
-33
Let x(c) = -7*c + 2. Give x(1).
-5
Let z(j) = j**2 + 19*j + 26. What is z(-2)?
-8
Let n(c) = 10*c**2 + 7*c - 5. Determine n(2).
49
Let n(d) = d - 9. What is n(5)?
-4
Let b(c) = -c**3 - 6*c**2 - 5*c - 1. What is b(-5)?
-1
Let r(j) = 6*j - 9. Determine r(2).
3
Let a(t) = t**3 + 10*t**2 + 7*t - 21. What is a(-9)?
-3
Let x(p) = 66*p. What is x(3)?
198
Let y(i) = i**2 + 12*i + 13. Determine y(-11).
2
Let j(v) = -11*v + 21. Calculate j(7).
-56
Let a(i) = -i**3 + 12*i**2 + 16*i - 42. Calculate a(13).
-3
Let f(g) = -g**3 - 15*g**2 + 9*g - 111. What is f(-16)?
1
Let z(v) = 4*v**2 - v + 1. Determine z(1).
4
Let b(u) = -u**3 + 10*u**2 + 11*u - 3. Give b(11).
-3
Let l(r) = -r**2 - 3*r - 7. Calculate l(-4).
-11
Let i(f) = -f**2 + 30*f + 66. Determine i(32).
2
Let f(n) = -n**2 + 15*n - 52. What is f(5)?
-2
Let q(r) = -5*r - 5. Determine q(-5).
20
Let z(t) = t**2 + 6*t + 1. Calculate z(-9).
28
Let h(i) = -2*i**2 + 4*i - 4. What is h(4)?
-20
Let t(y) = -y**3 + 6*y**2 - 3*y + 7. What is t(7)?
-63
Let c(t) = -t**3 + 9*t**2 + 10*t - 6. Determine c(10).
-6
Let r(z) = 3*z + 3. Calculate r(-2).
-3
Let p(r) = -r**3 + 14*r**2 + 17*r - 17. What is p(15)?
13
Let z(s) = -2*s**2 - 39*s - 23. Determine z(-19).
-4
Let b(o) = o**2 - 8*o - 14. Calculate b(10).
6
Let o(x) = -x**2 - 8*x + 21. Calculate o(-9).
12
Let o(p) = 3*p + 12. What is o(-10)?
-18
Let s(n) = -2*n + 5. Give s(6).
-7
Let w(h) = h**2 - 17*h - 178. Determine w(24).
-10
Let p(o) = -2*o + 40. Calculate p(6).
28
Let w(c) = 2*c**2 - 3*c + 2. Calculate w(2).
4
Let m(c) = -c**3 + 10*c**2 - 5*c - 3. What is m(10)?
-53
Let p(h) = -h**2 - 23*h - 38. Calculate p(-21).
4
Let w(h) = h**3 - 5*h**2 - 6*h + 4. Give w(5).
-26
Let y(a) = -a**3 + 2*a**2 + 17*a + 7. What is y(-3)?
1
Let j(y) = -y**3 - 6*y**2 - 7*y - 4. Calculate j(-5).
6
Let h(a) = -4*a + 23. What is h(9)?
-13
Let w(x) = -5*x**2 - 2. Calculate w(-1).
-7
Let p(c) = 6*c. What is p(-4)?
-24
Let s(w) = -5*w - 1. Give s(-3).
14
Let t(h) = h**2 - 11*h. Give t(11).
0
Let i(o) = o**3 - 2*o**2 - 2*o - 11. Give i(0).
-11
Let w(x) = 2*x + 8. Calculate w(10).
28
Let z(f) = -3*f + 17. Give z(3).
8
Let w(a) = -a**2 + 28*a - 80. Calculate w(25).
-5
Let i(v) = -v**2 + 4*v. Give i(3).
3
Let c(s) = s**2 - 3*s. Determine c(11).
88
Let j(i) = -i**3 - 3*i**2 - 2*i - 8. Give j(-4).
16
Let u(p) = -4*p + 7. What is u(2)?
-1
Let i(u) = -u - 9. Calculate i(4).
-13
Let n(g) = -g**2 + 3*g + 18. Give n(-10).
-112
Let o(b) = b + 11. Determine o(-6).
5
Let z(q) = 2*q**3 + 20*q**2 + 20*q + 11. Give z(-9).
-7
Let t(g) = 4*g**2 + 27*g + 7. Calculate t(-4).
-37
Let f(w) = -w**3 - 4*w**2 + 16*w + 14. What is f(-6)?
-10
Let w(o) = -o**3 - 14*o**2 - 15*o - 30. Calculate w(-13).
-4
Let i(k) = 32*k + 36. Determine i(2).
100
Let u(w) = w**3 + 6*w**2 - 5*w + 23. Determine u(-6).
53
Let s(z) = z**2 + 2*z - 2. What is s(2)?
6
Let x(r) = -4*r + 1. Give x(-1).
5
Let o(p) = 2*p - 1. Determine o(-13).
-27
Let z(d) = -d**3 - 10*d**2 - 8*d - 11. Determine z(-8).
-75
Let x(f) = -f**2 - 2*f + 49. What is x(-9)?
-14
Let u(p) = -62*p - 374. Calculate u(-6).
-2
Let r(v) = -6*v**2 + 173*v + 8. Determine r(29).
-21
Let v(a) = -2*a**2 + 26*a - 18. Determine v(12).
6
Let y(g) = 30*g - 479. What is y(16)?
1
Let w(p) = 5*p**2 + 4*p - 15. Give w(2).
13
Let s(b) = b**3 + 5*b**2 - 5*b - 4. Calculate s(-4).
32
Let w(a) = 7*a - 3. Calculate w(1).
4
Let r(m) = -88*m - 266. Determine r(-3).
-2
Let w(j) = -4*j - 36. Determine w(-10).
4
Let t(b) = 6*b**3 + b**2 + 1. Give t(-2).
-43
Let v(p) = 4*p + 31. Calculate v(-8).
-1
Let p(v) = v**2 - 11*v + 4. What is p(5)?
-26
Let n(w) = -w**3 + w**2 + 5*w - 7. What is n(4)?
-35
Let b(k) = -k**2 - 15*k - 10. Give b(-14).
4
Let h(i) = i + 15. Calculate h(-15).
0
Let h(f) = f**3 - 7*f**2 + 9*f + 6. Give h(5).
1
Let a(d) = -47*d - 95. What is a(-2)?
-1
Let f(y) = y**3 + 5*y**2 - 10*y + 5. Give f(-7).
-23
Let c(q) = -9*q - 28. Calculate c(5).
-73
Let a(g) = 8*g + 17. Determine a(-2).
1
Let i(k) = k**3 - k + 18. Give i(0).
18
Let n(u) = -26*u - 13. Determine n(-3).
65
Let w(o) = -6*o + 196. Calculate w(3